se 3, what is 2012001211 + 100?
2012002011
In base 10, what is -6 + -78945?
-78951
In base 8, what is -23 + 3546166?
3546143
In base 16, what is -1 + -d3874a?
-d3874b
In base 12, what is -2 - 12a55508?
-12a5550a
In base 4, what is 11203003113221 - 20?
11203003113201
In base 16, what is 65a24 - -86?
65aaa
In base 4, what is 3311222320 + 1?
3311222321
In base 3, what is -20111021112200210 - 11?
-20111021112200221
In base 6, what is -3011144244 - 5?
-3011144253
In base 11, what is 108820 - -168?
108988
In base 15, what is -8be + 3b89?
32ba
In base 9, what is -1 - -117828752?
117828751
In base 8, what is 374 + 305710?
306304
In base 11, what is 4 - 1a6264941?
-1a6264938
In base 13, what is 1 + 218cc7?
218cc8
In base 8, what is 0 + -21004073?
-21004073
In base 14, what is 7b1b27 + 0?
7b1b27
In base 8, what is -47306075 + -4?
-47306101
In base 2, what is -100 - 100110110110110111000?
-100110110110110111100
In base 4, what is 2032101 - 31120?
2000321
In base 14, what is 9a7 - 654d?
-5986
In base 12, what is -47159 - 37?
-47194
In base 11, what is 644008 - 596?
643522
In base 16, what is 27e + 7ee?
a6c
In base 12, what is -256 - -4624?
438a
In base 14, what is b99400 + 19?
b99419
In base 3, what is 10001 + -212020202111020?
-212020202101012
In base 13, what is 1 - 89362a?
-893629
In base 15, what is -4188a + -409?
-41c94
In base 12, what is -37052 + -159?
-371ab
In base 13, what is -3c764 + 47c?
-3c2b5
In base 5, what is -2100032 + 110?
-2044422
In base 13, what is 2 - -493a928?
493a92a
In base 14, what is -54c - -1d167?
1ca19
In base 7, what is -10514 + -25150?
-35664
In base 2, what is 10100 + 10100101011100111?
10100101011111011
In base 4, what is -3130102 + 3213?
-3120223
In base 15, what is 5bce + 26de?
83bd
In base 10, what is -1889383 - 5?
-1889388
In base 12, what is -646749 - -33?
-646716
In base 2, what is -100110 + 1100001000001001111?
1100001000000101001
In base 10, what is 7671000 + -4?
7670996
In base 13, what is 70 + 82339?
823a9
In base 4, what is -12020 - 23103103?
-23121123
In base 9, what is -1064 + -81237?
-82312
In base 12, what is -1276a22 - 4?
-1276a26
In base 2, what is 1110100010 - -1011101010011101110?
1011101100010010000
In base 9, what is 0 - 76303285?
-76303285
In base 6, what is 21113110 - 12?
21113054
In base 14, what is -6290c - -2?
-6290a
In base 9, what is -754 + 811677?
810823
In base 12, what is -10b80ba - 28?
-10b8126
In base 7, what is -14 - 21521163?
-21521210
In base 12, what is -1186685 - -5?
-1186680
In base 8, what is -26 + 657774?
657746
In base 15, what is -d0b53 + 79?
-d0ac9
In base 12, what is -63021 - -3a2?
-6283b
In base 8, what is -56607524 - -3?
-56607521
In base 14, what is -22a09c + -51?
-22a10d
In base 13, what is 38767 - 161?
38606
In base 7, what is 153102 - -41240?
224342
In base 6, what is -214024423 + -14?
-214024441
In base 3, what is 21112 - 100201122110?
-100201100221
In base 8, what is -6 + 51104633?
51104625
In base 8, what is -5 + -14414421?
-14414426
In base 4, what is -1011212 + 1231131?
213313
In base 2, what is -111110001101010011001010010 + -100?
-111110001101010011001010110
In base 4, what is 1132100200302 + 13?
1132100200321
In base 15, what is -447b + 7d?
-43ed
In base 6, what is -3 - 3121521051?
-3121521054
In base 6, what is 5 - -424525?
424534
In base 13, what is -20 - -404ab?
4048b
In base 4, what is 1 - -12131132333?
12131133000
In base 13, what is b2b - b38?
-a
In base 14, what is ac3974a - -6?
ac39752
In base 9, what is -428630 - 2?
-428632
In base 11, what is -10677a - -163?
-106617
In base 7, what is 40 - 401200115?
-401200045
In base 4, what is 12231200023 + 3?
12231200032
In base 14, what is 4 + -b930741?
-b93073b
In base 3, what is -2021002120002120220 + -11?
-2021002120002121001
In base 3, what is 11120222212102222 - 12?
11120222212102210
In base 6, what is -3155254 - 22341?
-3222035
In base 5, what is -1404200 + -23344?
-1433044
In base 10, what is 2337817 + -3?
2337814
In base 2, what is -10011 + 10101101010100010100?
10101101010100000001
In base 9, what is -6556580 - -173?
-6556406
In base 8, what is 1136040 - -241?
1136301
In base 3, what is -121110212210120 - 11?
-121110212210201
In base 3, what is -102 + 10202111102200002?
10202111102122200
In base 15, what is -24 + 904623?
9045ee
In base 15, what is 9a - -24e83?
2502d
In base 12, what is 4 + -311a464?
-311a460
In base 8, what is -1576446 - -323?
-1576123
In base 10, what is 107210 - 27?
107183
In base 13, what is -85 + -25b184?
-25b239
In base 5, what is -1433 + -11333124?
-11340112
In base 14, what is -73058 + 72?
-72dc6
In base 11, what is -1a8 - -1291116?
1290a19
In base 3, what is 210122 + 121120001022?
121120211221
In base 8, what is 256 - -4312260?
4312536
In base 6, what is -2345 - 30340?
-33125
In base 3, what is -102 - -10101120001220?
10101120001111
In base 9, what is 1674 + 3073?
4757
In base 13, what is 2 - -6b8b4ba?
6b8b4bc
In base 6, what is 1431 + -223131?
-221300
In base 16, what is -71c48 + -332?
-71f7a
In base 9, what is -101610 + 2250?
-88350
In base 12, what is -3b + -1387676?
-13876b5
In base 13, what is -3704417 + -24?
-370443b
In base 8, what is 2424 + 2776?
5422
In base 13, what is 72740 - -28?
72768
In base 9, what is 173 + -4038572?
-4038388
In base 12, what is -ab6 + -5b140?
-60036
In base 6, what is -1 - -351204213?
351204212
In base 16, what is 7c18 - -39de?
b5f6
In base 16, what is 87e3265 + d?
87e3272
In base 10, what is 5 - 268142?
-268137
In base 4, what is 203 - 1202010211?
-1202010002
In base 4, what is -212111321202 - -121?
-212111321021
In base 6, what is -3400 - 1041533?
-1045333
In base 6, what is -105013203213 + -4?
-105013203221
In base 7, what is 4301106 - 4?
4301102
In base 5, what is 1 + 10013242110?
10013242111
In base 2, what is 1101 + 1110000010111000110?
1110000010111010011
In base 10, what is -21451231 + 1?
-21451230
In base 10, what is -9 + -3559588?
-3559597
In base 7, what is 11403635 - 1240?
11402365
In base 13, what is 3c05722 + -10?
3c05712
In base 8, what is 1 + -37452004?
-37452003
In base 14, what is 6da66 + 72d?
70395
In base 16, what is 3 + 929c679?
929c67c
In base 13, what is 6 - 571464?
-57145b
In base 10, what is -6613 - -12551?
5938
In base 9, what is -206252473 + 3?
-206252470
In base 9, what is -7755678 + -26?
-7755715
In base 16, what is 96b1396 + -5?
96b1391
In base 8, what is -114432 - 3172?
-117624
In base 11, what is 2 - 139664792?
-139664790
In base 6, what is -44325113 + -1044?
-44330201
In base 14, what is -83 + 2b6a?
2ac7
In base 2, what is 1111011 + -10011100111000010111101?
-10011100111000001000010
In base 13, what is 3 - ca46bc5?
-ca46bc2
In base 12, what is -3 - 579513a0?
-579513a3
In base 14, what is aa5b + -230?
a82b
In base 13, what is -330a + -13289?
-16596
In base 10, what is 17 - -2255921?
2255938
In base 10, what is -9 - -4782511?
4782502
In base 6, what is 13004231 + -30?
13004201
In base 2, what is 1010111010001010011111110111 - 11?
1010111010001010011111110100
In base 14, what is -587 - 129a1a?
-12a1a3
In base 13, what is 1 + -139733?
-139732
In base 14, what is -3 - 133200d6?
-133200d9
In base 12, what is 677 + 2217?
2892
In base 9, what is 36141575 - -3?
36141578
In base 13, what is 2779b - -191?
2795c
In base 6, what is -1 + 430514423?
430514422
In base 16, what is -7 - cc8b40?
-cc8b47
In base 11, what is -3 - 861298?
-8612a0
In base 8, what is 11444341 + 0?
11444341
In base 11, what is 5 + 452a38?
452a42
In base 16, what is 4 + 66bc710?
66bc714
In base 8, what is -17 + 1474316?
1474277
In base 3, what is 100102 - 2001211021?
-2001110212
In base 14, what is -2dd3 + -3752?
-6745
In base 3, what is -12020 - -2122020220101?
2122020201011
In base 9, what is 42 + 50873286?
50873338
In base 10, what is 16 - -415186?
415202
In base 10, what is 19216 + 5069?
24285
In base 13, what is 8a9b9 + 13?
8a9cc
In base 2, what is 101110100 - 1110001101100010000?
-1110001100110011100
In base 7, what is -25 + -12526115?
-12526143
In base 9, what is 3 + -127381007?
-127381004
In base 6, what is -441422240 + -1?
-441422241
In base 11, what is 16a5693 + 6?
16a5699
In base 14, what is -8157 + -1c?
-8175
In base 2, what is -110101100111010011 - -100010110?
-110101100010111101
In base 10, what is -210 - -2740207?
2739997
In base 2, what is 